inder when 21381 is divided by 371?
234
Calculate the remainder when 55528 is divided by 3470.
8
What is the remainder when 5072 is divided by 582?
416
Calculate the remainder when 59699 is divided by 7457.
43
What is the remainder when 2575 is divided by 20?
15
What is the remainder when 66178 is divided by 22018?
124
Calculate the remainder when 10614 is divided by 128.
118
What is the remainder when 1248 is divided by 60?
48
Calculate the remainder when 942275 is divided by 894.
893
What is the remainder when 10031 is divided by 589?
18
What is the remainder when 2084 is divided by 118?
78
What is the remainder when 99574 is divided by 175?
174
What is the remainder when 21007 is divided by 181?
11
Calculate the remainder when 283274 is divided by 94424.
2
What is the remainder when 82361 is divided by 106?
105
Calculate the remainder when 423528 is divided by 82.
80
What is the remainder when 5571 is divided by 3?
0
What is the remainder when 145142 is divided by 12095?
2
What is the remainder when 43720 is divided by 971?
25
What is the remainder when 9903 is divided by 62?
45
What is the remainder when 12784 is divided by 87?
82
What is the remainder when 475999 is divided by 140?
139
Calculate the remainder when 6400 is divided by 1219.
305
Calculate the remainder when 614880 is divided by 860.
840
Calculate the remainder when 383528 is divided by 77.
68
Calculate the remainder when 66205 is divided by 3678.
1
Calculate the remainder when 5938 is divided by 376.
298
Calculate the remainder when 5045 is divided by 89.
61
Calculate the remainder when 27320 is divided by 1138.
8
Calculate the remainder when 2714854 is divided by 372.
370
Calculate the remainder when 3542 is divided by 974.
620
What is the remainder when 11554 is divided by 803?
312
What is the remainder when 59568 is divided by 70?
68
Calculate the remainder when 58645 is divided by 14618.
173
Calculate the remainder when 995 is divided by 933.
62
What is the remainder when 14902 is divided by 745?
2
What is the remainder when 49456 is divided by 185?
61
What is the remainder when 8035 is divided by 284?
83
Calculate the remainder when 19093 is divided by 1069.
920
Calculate the remainder when 41790 is divided by 322.
252
Calculate the remainder when 179360 is divided by 351.
350
Calculate the remainder when 34077 is divided by 17035.
7
What is the remainder when 6094 is divided by 1881?
451
Calculate the remainder when 604059 is divided by 302025.
9
What is the remainder when 3245 is divided by 829?
758
Calculate the remainder when 46966 is divided by 502.
280
What is the remainder when 8208 is divided by 390?
18
Calculate the remainder when 4582 is divided by 221.
162
Calculate the remainder when 3013958 is divided by 907.
904
Calculate the remainder when 5795 is divided by 5764.
31
What is the remainder when 152034 is divided by 71?
23
Calculate the remainder when 5162 is divided by 1558.
488
Calculate the remainder when 3142 is divided by 37.
34
What is the remainder when 87611 is divided by 21902?
3
Calculate the remainder when 18064 is divided by 18056.
8
What is the remainder when 7892 is divided by 84?
80
Calculate the remainder when 7980 is divided by 284.
28
Calculate the remainder when 30165 is divided by 132.
69
What is the remainder when 134137 is divided by 61?
59
Calculate the remainder when 1461 is divided by 302.
253
What is the remainder when 60757 is divided by 196?
193
Calculate the remainder when 1070655 is divided by 34.
29
Calculate the remainder when 26745 is divided by 219.
27
What is the remainder when 4179 is divided by 1370?
69
Calculate the remainder when 365253 is divided by 171.
168
Calculate the remainder when 175390 is divided by 348.
346
What is the remainder when 2750 is divided by 303?
23
What is the remainder when 21710 is divided by 8?
6
What is the remainder when 1058020 is divided by 1134?
1132
Calculate the remainder when 1433 is divided by 568.
297
Calculate the remainder when 7250 is divided by 702.
230
Calculate the remainder when 18280 is divided by 45.
10
Calculate the remainder when 856 is divided by 241.
133
What is the remainder when 84523 is divided by 28172?
7
Calculate the remainder when 20539 is divided by 1.
0
What is the remainder when 26319 is divided by 371?
349
What is the remainder when 10026 is divided by 85?
81
What is the remainder when 109276 is divided by 499?
494
What is the remainder when 11008 is divided by 155?
3
Calculate the remainder when 13397 is divided by 43.
24
What is the remainder when 3019 is divided by 676?
315
Calculate the remainder when 7314 is divided by 118.
116
Calculate the remainder when 129310 is divided by 239.
11
Calculate the remainder when 2836 is divided by 108.
28
Calculate the remainder when 79400 is divided by 19.
18
Calculate the remainder when 6827 is divided by 245.
212
Calculate the remainder when 12440 is divided by 1037.
1033
What is the remainder when 130095 is divided by 118?
59
Calculate the remainder when 2997 is divided by 7.
1
What is the remainder when 146917 is divided by 181?
126
Calculate the remainder when 1418 is divided by 678.
62
Calculate the remainder when 152702 is divided by 64.
62
Calculate the remainder when 117514 is divided by 43.
38
Calculate the remainder when 21999 is divided by 125.
124
What is the remainder when 21584 is divided by 43?
41
What is the remainder when 1700 is divided by 328?
60
What is the remainder when 146675 is divided by 204?
203
Calculate the remainder when 76676 is divided by 284.
280
Calculate the remainder when 52981 is divided by 68.
9
What is the remainder when 266 is divided by 16?
10
Calculate the remainder when 5698 is divided by 297.
55
Calculate the remainder when 6527 is divided by 182.
157
Calculate the remainder when 4967 is divided by 42.
11
Calculate the remainder when 341672 is divided by 395.
392
Calculate the remainder when 65113 is divided by 80.
73
Calculate the remainder when 1893 is divided by 221.
125
Calculate the remainder when 30939 is divided by 28.
27
What is the remainder when 65310 is divided by 10881?
24
Calculate the remainder when 1914 is divided by 62.
54
Calculate the remainder when 96438 is divided by 42.
6
Calculate the remainder when 229275 is divided by 58.
1
What is the remainder when 2960 is divided by 759?
683
Calculate the remainder when 73309 is divided by 7.
5
Calculate the remainder when 1998 is divided by 96.
78
What is the remainder when 29211 is divided by 109?
108
Calculate the remainder when 10024 is divided by 98.
28
Calculate the remainder when 1206 is divided by 597.
12
What is the remainder when 210110 is divided by 64?
62
Calculate the remainder when 16053 is divided by 373.
14
What is the remainder when 10008 is divided by 1422?
54
What is the remainder when 72360 is divided by 316?
312
What is the remainder when 12018 is divided by 204?
186
Calculate the remainder when 7327 is divided by 430.
17
Calculate the remainder when 433218 is divided by 132.
126
What is the remainder when 232710 is divided by 76?
74
Calculate the remainder when 141 is divided by 98.
43
Calculate the remainder when 29257 is divided by 29.
25
Calculate the remainder when 4572 is divided by 4371.
201
Calculate the remainder when 6387 is divided by 111.
60
What is the remainder when 3601917 is divided by 420?
417
Calculate the remainder when 262914 is divided by 87637.
3
What is the remainder when 40603 is divided by 376?
371
Calculate the remainder when 3860 is divided by 73.
64
What is the remainder when 626376 is divided by 104396?
0
What is the remainder when 1031 is divided by 358?
315
Calculate the remainder when 1360 is divided by 434.
58
Calculate the remainder when 23457 is divided by 565.
292
Calculate the remainder when 15453 is divided by 196.
165
What is the remainder when 28501 is divided by 254?
53
Calculate the remainder when 5071 is divided by 30.
1
Calculate the remainder when 187 is divided by 48.
43
Calculate the remainder when 85546 is divided by 294.
286
What is the remainder when 494 is divided by 37?
13
What is the remainder when 59539 is divided by 300?
139
Calculate the remainder when 1669 is divided by 1637.
32
What is the remainder when 2219 is divided by 15?
14
What 